 + 13 = 2*k - 4*y, -k + 2 = -4*y. Let v = u - k. Is 3 a factor of v?
False
Let z(s) = 5*s + 1. Suppose -5*u - 5 = -0. Let n be z(u). Let g = 50 + n. Is g a multiple of 23?
True
Let w be -3 - -1 - (9 - 20). Suppose -30 = 4*b - w*b. Is b even?
True
Suppose -t = 2*t. Let l(z) = z**3 - 2*z + 12. Does 12 divide l(t)?
True
Suppose 3*h + 4*q = 5*h - 100, h = 3*q + 49. Is h a multiple of 26?
True
Let n be (-2 + -274)*10/(-15). Suppose -14 = -w + k + 38, n = 3*w + 4*k. Is w a multiple of 30?
False
Let m(g) = -5*g - 5. Let f be m(-7). Suppose 2*a - f = -j, 5*j - j - 75 = a. Is j a multiple of 20?
True
Let r(m) = -12*m + 1. Suppose 0 = 2*j + 5 - 1. Is 16 a factor of r(j)?
False
Suppose 3*n - 15 + 18 = 0. Does 13 divide 2 - n - (-1 + -14)?
False
Let v = 3 + 2. Let x = -1 + v. Suppose -11 = -x*c + 5. Is c a multiple of 2?
True
Suppose 0 = 3*k - 12, 2*g = -2*g + 5*k + 104. Let h = -37 - -84. Suppose 3*m = g + h. Is 13 a factor of m?
True
Is 35 a factor of (3 + -24)/((-3)/5)?
True
Let l be 4/10 - 3152/(-20). Let j = -92 + l. Does 22 divide j?
True
Let g(t) = t + 20. Let m be g(0). Let o be m/(-15)*6/(-4). Suppose 7 = o*d - 5. Does 6 divide d?
True
Let n(u) = u**2 + 14*u - 19. Let i be n(-15). Let x(o) = -o + 2. Is 2 a factor of x(i)?
True
Let w = 83 + -54. Suppose -a - 5*q + 49 = 0, -a + 2*a - 5*q - w = 0. Does 13 divide a?
True
Let x = -13 + -75. Let g = x - -124. Is g a multiple of 8?
False
Let t(c) be the first derivative of 6*c + c**2 + 5/3*c**3 + 2 + 1/4*c**4. Is 7 a factor of t(-4)?
True
Suppose 2*b - 5*b - 114 = 0. Let w = -15 - b. Suppose 5*u - 8*u = 4*t - w, -5*u - 2*t = -43. Is u a multiple of 5?
False
Suppose -4*s = -19 + 3. Suppose -51 = -s*n - g, -53 = -2*n + 4*g + g. Is 6 a factor of n?
False
Suppose 3*o + 2*s - 454 = 0, o - s + 5*s - 148 = 0. Is o a multiple of 38?
True
Let s(q) = -q**3 - 7*q**2 + 2. Let g be s(-7). Let y(m) = -3*m - 3. Let u(b) = 13*b + 13. Let x(t) = g*u(t) + 9*y(t). Does 7 divide x(-8)?
True
Does 2 divide (-3)/24 - (-146)/16?
False
Is 239 + (3 - (0 - 2)) a multiple of 34?
False
Let h(f) = -11*f**2 + 17*f + 32. Let r(o) = 4*o**2 - 6*o - 11. Let x(p) = 6*h(p) + 17*r(p). Let w be x(-5). Let k = w + 8. Is 24 a factor of k?
False
Let v(g) be the first derivative of g**5/20 - g**4/2 + 3*g**2 + g + 1. Let z(d) be the first derivative of v(d). Does 2 divide z(6)?
True
Let w(p) = 77*p**2 - p + 2. Does 10 divide w(-1)?
True
Let s(v) = -2*v - 5*v - 2*v**2 + v**2 + 2. Is 14 a factor of s(-4)?
True
Let m(n) = -n**2 - n + 16. Let g be 2/4*(0 + 0). Does 15 divide m(g)?
False
Let n(f) = f**2 + f - 8. Does 16 divide n(-8)?
True
Let o(g) = 2*g**2 + 5*g - 4. Let p(c) = c**3 + 9*c**2 - 6. Let q be p(-9). Is 20 a factor of o(q)?
False
Let o(d) = 19*d - 2*d**2 + 1 + d**2 - 6 - 8*d. Suppose 6*k = k + 45. Is o(k) a multiple of 13?
True
Let d(y) = -y**2 + 28. Is d(0) a multiple of 28?
True
Let g be 2/9 - (-124)/9. Suppose -g = -0*f - 2*f. Is f a multiple of 4?
False
Let v(s) = -s**2 - 8*s. Let h be v(-8). Suppose 4*x - 58 - 77 = 3*y, 5*x + 2*y - 186 = h. Is x a multiple of 16?
False
Let p = 215 + -113. Is 17 a factor of p?
True
Suppose 5*a + 0*u = 3*u - 34, 5*a - 4*u = -37. Let h = a - -4. Let m(k) = 12*k**2 + 1. Is 4 a factor of m(h)?
False
Suppose -4*w + 1 = s + 12, -s - 3 = 0. Let p(h) = -7*h**3 - h**2 - 2*h - 2. Let z be p(w). Suppose 0 = 2*i - 4*i + z. Is 9 a factor of i?
True
Let l(g) = 50*g**3 - g**2 + g - 1. Let w be l(1). Suppose -w + 181 = 3*b. Is 22 a factor of b?
True
Suppose -c + 57 = 5*t, 7*c - 39 = -3*t + 4*c. Is t a multiple of 6?
False
Suppose 3*x - 88 = 128. Is x a multiple of 16?
False
Suppose -6*a - 3*z = -3*a - 6, -3*a - z = -6. Let o = 24 - 17. Suppose o*r - a*r - 350 = 0. Is 24 a factor of r?
False
Suppose 8*l = 3*l + 20. Is 8 a factor of -1 + 2 + 3 + l?
True
Let w(x) = -x**2 - 13*x + 9. Let h be w(-13). Suppose 3*y - 6 = h. Is y even?
False
Suppose -4*o + 11 = 7. Is -9*(16/(-6))/o a multiple of 8?
True
Let l = -20 - -32. Suppose 2*j + 3*j = -20, 0 = 4*z - 5*j - 20. Let u = z + l. Is u a multiple of 7?
False
Suppose 118*w - 116*w = 122. Is w a multiple of 22?
False
Let b(f) = -f**3 - 7*f**2 - 7*f - 4. Suppose 8 = -2*o - 6. Does 20 divide b(o)?
False
Suppose -4*s = 3*y - 8, -3*s + 7 = 2*y + 2. Let r be (1 + s)/(1 + -3). Suppose 0 = -r*q + 2*q - 36. Is q a multiple of 9?
True
Suppose -3*j + 4*h + 43 = -h, 2*h + 30 = 2*j. Suppose 2*w - 5*w + 36 = 0. Does 18 divide (j/w)/((-1)/(-24))?
False
Suppose 4*z - 147 = 3*s, 3*z = 2*s + 7 + 103. Does 18 divide z?
True
Let p = -17 + 9. Let x be (-6)/(p/(-3) + -2). Does 15 divide (-137)/(-3) - (-6)/x?
True
Suppose -4*n = -2*w + 48, 0 = 3*w - 2*n - 25 - 43. Suppose -x = x - w. Is 9 a factor of x?
False
Suppose 5*a - 3*w - 18 = -6*w, 0 = 3*a + 4*w - 2. Is 6 a factor of a?
True
Let f(w) = w + 3*w + 3*w**3 - 5*w - 1. Let s be f(-2). Let x = 45 + s. Is 11 a factor of x?
True
Let n = 11 + 7. Let b = n - 2. Does 8 divide b?
True
Let m = 391 + -262. Is 23 a factor of m?
False
Suppose -2*s + s - 4*f = -128, -5*s = -4*f - 616. Is ((-15)/20)/((-1)/s) a multiple of 31?
True
Let l(a) = -a**3 + 11*a**2 - 10*a + 6. Is l(10) even?
True
Suppose 4*a + 9 = -5*n, 33 = 2*a - 7*n + 2*n. Suppose 16 - 1 = 3*t, k = 2*t - 11. Does 10 divide ((-5)/a)/k*8?
True
Suppose -4*z + 3*x = -15, -3*z - 7 = x - 2. Suppose 3*i - 6 = -z*i. Suppose 42 = i*w - 0*w. Is 8 a factor of w?
False
Let h(a) = a**3 - 5*a**2 + 1. Let s be h(6). Suppose 0 = 3*k + i - s, 0 = 5*k + 3*i - 5*i - 80. Does 14 divide k?
True
Suppose 0 = -9*n + 11*n. Suppose n = -5*h + 4*y + 293, 4*h = y + 230 + 11. Is h a multiple of 16?
False
Suppose g + 11 = 2*g. Let p = g - 2. Does 4 divide p?
False
Let i(b) = -286*b - 20. Let a(y) = 95*y + 7. Let p(j) = -17*a(j) - 6*i(j). Let r be p(1). Suppose 3*n - 6*n = -r. Is n a multiple of 15?
False
Let j = 88 - -64. Is 28 a factor of j?
False
Let c be (9/(-6))/(3/48). Is 9 a factor of c/(-9)*81/12?
True
Let m = 33 + -3. Is m a multiple of 15?
True
Let w be (-2)/(-5) - 3/(-5). Suppose 3*r + 5 = 53. Let o = r + w. Does 17 divide o?
True
Let p = 100 + -13. Does 17 divide p?
False
Let c(y) = y**2 - 2. Suppose -10 = 3*r - 2*d, -2*r + 7*r - 4*d + 16 = 0. Is 5 a factor of c(r)?
False
Let x = 24 + 3. Does 7 divide x?
False
Suppose -3*z = -0 - 3. Let m = 4 + z. Does 11 divide (-3)/1*-1*m?
False
Let y = -38 - 25. Let o = y + 116. Is 16 a factor of o?
False
Let l(j) = j + 11. Let r be l(-17). Let t(o) = 3*o**2 - 2*o - 5. Is t(r) a multiple of 32?
False
Let d = 7 + -4. Suppose r + 85 = d*s, 2*r = s - 0*s - 30. Is 12 a factor of s?
False
Let y(p) = 2*p - 3. Let c(t) = -t - 1. Let s(g) = -2*c(g) + y(g). Let z be s(-2). Let a = z - -21. Is 11 a factor of a?
False
Let c(q) = -q**2 - 7*q - 5. Let j be c(-5). Suppose l = m - 9 + 40, -l + 19 = j*m. Suppose 3 + l = 4*y - 4*w, -2*y - 5*w - 5 = 0. Is y even?
False
Let r = -6 + 13. Suppose -60 = 2*t - r*t. Does 12 divide t?
True
Let m(p) = 2*p - 8*p**3 - 25*p**3 + p**2 + p**3 + 1. Does 11 divide m(-1)?
False
Let k(r) be the second derivative of r**4/12 + 5*r**3/3 - 8*r**2 - 3*r. Is 8 a factor of k(-14)?
True
Let p(a) = 33*a + 1. Let x(b) = 4*b - 3. Let t be x(3). Let q be t/(-6)*(-4)/6. Does 17 divide p(q)?
True
Suppose -2*d + 8*d - 222 = 0. Is 11 a factor of d?
False
Let p(y) = -3*y**3 - 4*y**2 - 2*y + 2. Suppose -2*s = s + 6. Let c = s + 0. Does 14 divide p(c)?
True
Suppose 73 = 2*n - 23. Suppose 5*q + 2*g - 186 = 0, 2*q - 2*g - 32 = n. Is q a multiple of 19?
True
Suppose 4*c - 3 - 13 = -5*o, 2*c - 4*o = 34. Let a = c - 5. Suppose -2*z + 4*w - 3*w + 40 = 0, 3*w = a*z - 80. Does 8 divide z?
False
Let h(m) = -3*m + 10. Let f be h(10). Let r(v) = v**3 + 8*v**2 + 6*v - 1. Let n be r(-7). Let y = n - f. Does 18 divide y?
False
Suppose 13 + 17 = 3*g. Let i = -5 + g. Let l(v) = -v**2 + 6*v - 2. Is l(i) a multiple of 3?
True
Let t(b) = 24*b**2 - b - 1. Let m be t(-2). Suppose 42 = 2*r + 4*k, -5*r - 6*k = -4*k - m. Is 10 a factor of r?
False
Let g(a) = -a**3 - a**2 + 4. Let u be g(0). Let o(v) = 5*v - 2. Is o(u) a multiple of 9?
True
Let r be (-190)/8 + (-1)/4. Let v be (-2 - 16/(-6))*r. Does 15 divide (v/10)/(4/(-40))?
False
Let m = 431 - 303. Is 16 a factor of m?
True
Suppose -k - 5*y + 34 = k, 0 = -5*k + 4*y + 151. Does 4 divide k?
False
Let h(n) = n**2 + 4*n - 9. Let l be h(-7). Suppose -4*p +